y - 1367 = -5*n, 18*y + 3374 = 23*y - 2*n. What are the prime factors of y?
2, 13
Let d(n) = 21*n**2 + 5*n - 11. List the prime factors of d(5).
7, 11
Suppose 6*x - 21 - 27 = 0. Let c be (-258)/(-24) - (-2)/x. Suppose 3*l = c + 94. What are the prime factors of l?
5, 7
List the prime factors of 8701/(14/2) + 0.
11, 113
Let p = 127 + -120. What are the prime factors of (3/(-2))/(p/(-966))?
3, 23
List the prime factors of ((-10)/6)/(-5 - 3102/(-621)).
3, 5, 23
Let l(s) = s**2 + 6*s + 13. Let h be 1 - 9 - (-9 + 10). What are the prime factors of l(h)?
2, 5
Let h = -29 - 38. Let d = 22 - h. List the prime factors of d.
89
Let y(q) = 6*q**2 + 6*q + 3. Let m(c) = 5*c**2 + 6*c + 2. Suppose 3*l + l + 16 = 0. Let t(w) = l*y(w) + 5*m(w). What are the prime factors of t(-8)?
2, 7
Suppose -4*u + 87 = 55. Suppose -u*t = -11*t + 36. What are the prime factors of t?
2, 3
What are the prime factors of (-3 - -6) + (449 - (8 - 10))?
2, 227
Suppose -4*l + 12 = 2*l. Let w(a) = -a**3 - a**2 + 4*a - 4. Let f be w(l). List the prime factors of ((-12)/f)/((-6)/(-256)).
2
Let c = -3105 + 3400. What are the prime factors of c?
5, 59
Let w be 0 + (165 - 5) + -5. Let c = 239 - w. List the prime factors of c.
2, 3, 7
Let i be (-5 - (-3 + 0)) + 302. Suppose 9*p + i = 13*p. What are the prime factors of p?
3, 5
Let n = -267 + 313. List the prime factors of n.
2, 23
Let v(n) = -n**2 - 16*n - 19. Suppose -i + 4*t - 11 = 3*t, 55 = -5*i + t. What are the prime factors of v(i)?
2, 3
Let i = 1251 - 200. List the prime factors of i.
1051
Suppose -24 = c - 22, -v - 3*c + 1414 = 0. List the prime factors of v.
2, 5, 71
Let v(w) = 11 - 3*w - 15 + 10 + 20*w. What are the prime factors of v(8)?
2, 71
Let d be 678/4 - 1/(-2). Let h = 41 + d. What are the prime factors of h?
211
Let m = 100 - 74. What are the prime factors of (m/(-39))/(2/(-42))?
2, 7
Let g be -2 + -8 + 1 + 2. Let m = -9 - g. Let f = 9 + m. What are the prime factors of f?
7
Suppose 4 = 2*a + 2*h, -2*a + 5*h + 0*h + 18 = 0. Suppose -a - 2 = -d. Suppose 2*w + 60 = d*w. What are the prime factors of w?
3, 5
Let a be 3*(-2)/(-12)*4. Suppose 3*d + 5*p - 35 = 0, 6 = 3*d + a*p - 17. Suppose d*o - 102 = 3*o. What are the prime factors of o?
3, 17
Suppose -4755 = -q - j, 3*q + 2*j - 8672 - 5593 = 0. What are the prime factors of q?
3, 5, 317
Suppose -w = -2*r - 6, 3*w - 62 + 19 = r. Suppose 20*v = w*v + 1068. What are the prime factors of v?
3, 89
Let u(w) = 67*w - 34. Let z be u(7). Suppose -v + 6*v - 5*x = z, 0 = x. What are the prime factors of v?
3, 29
Suppose -4*x = 7 + 9, -3*m = -2*x - 272. Suppose f - 4*t + t = 6, 0 = -4*f - 4*t + m. Suppose 0 = 2*p - 16 - f. List the prime factors of p.
17
Suppose -1020 = -6*g - 0*g. Let y = 289 - g. List the prime factors of y.
7, 17
Let c(k) = 11*k + 166. What are the prime factors of c(31)?
3, 13
Let h(p) = p**2 - 14*p - 2*p**2 - 12*p - 18 + 38*p. List the prime factors of h(8).
2, 7
Suppose 4*j + m - 2 = 0, -5 = 4*j - 3*m + 1. Suppose 2*k - 5*k - 18 = j. List the prime factors of (69/k)/(3/(-6)).
23
Suppose 0 = 39*j - 54*j + 45. Let x(o) = -10*o + 2. Let g be x(-3). Suppose -b + g = -j. List the prime factors of b.
5, 7
Let w = -2 - -17. Let a be (-1)/(-3) - (-40)/w. List the prime factors of 4/((-1)/a*-1).
2, 3
Suppose -5*q = -t - 4216, q - 824 = 91*t - 86*t. What are the prime factors of q?
2, 211
Let t(y) = -y + 16*y**2 - 2*y + y + 2. Suppose 0 = 9*g - 53 + 44. What are the prime factors of t(g)?
2
Suppose -4*a + 2634 = 5*n - 3*a, -2106 = -4*n - 2*a. Let w = n - 343. What are the prime factors of w?
2, 23
Let q(n) = n + 19. Suppose h + 4*v + 31 = 0, -2*h + v - 17 = -0*h. List the prime factors of q(h).
2
Suppose 7*i - 2*i = 0. Suppose 3*w + i*s = 3*s - 75, s + 101 = -5*w. Let x = w + 38. List the prime factors of x.
17
Let h(m) = -m**3 + 9*m**2 - 3*m + 10. Let b be h(9). Let a(g) = -7*g - 38. List the prime factors of a(b).
3
Suppose 19*y - 1456 = 16*y + 5*t, 3 = 3*t. List the prime factors of y.
487
Suppose -10*t + 18 = -4*t. Suppose 5*u = -t*d - 58, 5*d + 2*u = u - 126. Let g = 6 - d. List the prime factors of g.
2
Let v(i) = -i - 10. Let o be v(-14). Let j be 0 + o - 4 - 0. Suppose j = -3*l + 2*h - h + 83, -3*h - 137 = -5*l. List the prime factors of l.
2, 7
Let a = -290 - -423. List the prime factors of a.
7, 19
Let x be (-152)/((-1)/1) + -2 + -1. Let j = x + -71. List the prime factors of j.
2, 3, 13
Suppose -186 - 192 = 2*n. Let k = 371 + n. List the prime factors of k.
2, 7, 13
Suppose 0 = 138*i - 141*i + 4371. What are the prime factors of i?
31, 47
Let k(f) be the first derivative of -f**4/4 + 10*f**3/3 + 7*f**2/2 - 6*f - 5. List the prime factors of k(10).
2
Let l(w) = -w**2 - 1 + 3 + 22*w - 1 - 4. What are the prime factors of l(18)?
3, 23
Let o(q) = -129*q - 68. List the prime factors of o(-11).
7, 193
What are the prime factors of (-33 - -1937) + (-20)/(-2)?
2, 3, 11, 29
Let g(v) = -13*v**3 + 7*v**2 + v + 19. List the prime factors of g(-5).
2, 907
Let n(h) = 0*h + 7*h + 40 - 9*h. What are the prime factors of n(-20)?
2, 5
Suppose -6*l - 4 = -2*l - 2*v, 5*v + 8 = l. List the prime factors of l + 66 + 0 + 1 + 2.
67
Let a = 264 - -94. List the prime factors of a.
2, 179
Let h be 5/25 - (-28)/10. What are the prime factors of (h - 6)/(-6) + 724/8?
7, 13
Suppose -16 = 4*j, b = 6*b + 2*j - 22. Let q(d) = d**3 - 2*d**2 - 10*d + 16. List the prime factors of q(b).
2, 5
Suppose 0 = -5*w + 67 + 53. Suppose 3*g = 15, 3*x - x = -4*g + w. Suppose x + 13 = u. List the prime factors of u.
3, 5
Let v(f) = -f**3 - f**2 - f + 3. Let q be v(0). Suppose -2*n + 1 = -q. Suppose -x = -0*x - 2*w - 12, -4*x + 36 = -n*w. List the prime factors of x.
2
Let y(n) = 2*n - 7 + 7*n - 11 + 12*n**2 + 5 + n**3. List the prime factors of y(-11).
3
Suppose 4*s + 3*b = -188, -b - 148 = 3*s + 3*b. Let x = -24 - s. What are the prime factors of x?
2, 5
Suppose -w - 123 = -656. What are the prime factors of w?
13, 41
Let t(y) = 92*y**2 - y + 1. Let b be t(1). Suppose 3*u - 46 = b. What are the prime factors of u?
2, 23
Let n(u) = 37*u**2 - 17*u + 24. What are the prime factors of n(10)?
2, 1777
Let t(s) = s**3 - 10*s + 1. Let a be t(7). Suppose -3*m + 2*l = -23 - a, -m - 5*l = -82. What are the prime factors of m?
97
Suppose 0*z + a - 59 = z, 4*a = -5*z - 304. Let y = z - -108. Suppose 0 = -i + 3*g + 13, 3*i - 5*i - 5*g + y = 0. List the prime factors of i.
19
List the prime factors of (1 - 5)*(3 + 3530/(-8)).
1753
Let t(f) = -f**3 + 2*f**2 - 1. Suppose -3*u - 3 = -6. Let v be t(u). Suppose v = -5*k - 66 + 276. List the prime factors of k.
2, 3, 7
Let a = 114 - 17. Let s = 140 - a. What are the prime factors of s?
43
Let v be 350/110 + (-2)/11. List the prime factors of v/(105/(-10)) + (-4134)/(-14).
5, 59
Let v(c) = -9*c + 219. What are the prime factors of v(12)?
3, 37
Let c(g) = g**3 + 6*g**2 + g + 6. Let u be c(-6). Let m be 210 - (u - -4 - 5). Let z = m - 149. List the prime factors of z.
2, 31
Let b = -344 - -765. List the prime factors of b.
421
Let u = 70 - -10. Suppose 25*s - 21*s = u. What are the prime factors of s?
2, 5
Let u(a) = 1618*a + 144. List the prime factors of u(2).
2, 5, 13
Let n(o) = 4*o - 8. Let q be (10*-1 - -3)/(-1). What are the prime factors of n(q)?
2, 5
Let w(c) = c**2 - 30*c - 68. Let x(d) = -6*d**2 + 151*d + 339. Let m(v) = 11*w(v) + 2*x(v). What are the prime factors of m(-21)?
7, 11
Suppose -3*u + 2571 = -3*f, 0 = 2*u + 3*u - 2*f - 4288. List the prime factors of u.
2, 3, 11, 13
Let k(z) be the second derivative of -z**4/12 - 3*z**3/2 + 3*z**2 + 17*z. What are the prime factors of k(-7)?
2, 5
Let h = 4687 + -3158. List the prime factors of h.
11, 139
Suppose -2*u + 3*b - 81 = 2, u - 5*b = -38. Let v = -36 - u. List the prime factors of v.
7
Let t = 2837 - 1711. List the prime factors of t.
2, 563
Suppose 0 = -5*q + 4*r + 109, 3*r + 31 = 3*q - 35. Let l = q - 17. List the prime factors of 4*l/4 + 28.
2
Suppose -3*c + 14072 - 3464 = -3*g, 0 = 4*g. What are the prime factors of c?
2, 13, 17
Suppose 134 = 5*g - 4*k, 2*g + 2*g - 128 = -2*k. Suppose 4*x + n = 229 - g, 242 = 5*x - n. What are the prime factors of x?
7
Suppose -5*k - 14 = 31. Let h = k - -77. What are the prime factors of h?
2, 17
Let m be (1 + 1/3)/((-12)/(-18)). Let w = 5 - 2. Suppose w + 1 = m*r. What are 